{"id":1780,"date":"2016-10-30T17:13:54","date_gmt":"2016-10-30T15:13:54","guid":{"rendered":"http:\/\/karjalantennis.fi\/wordpress\/?page_id=1780"},"modified":"2021-04-12T16:38:54","modified_gmt":"2021-04-12T13:38:54","slug":"harrastepelaajan-polku","status":"publish","type":"page","link":"https:\/\/karjalantennis.fi\/wordpress\/harrastepelaajan-polku\/","title":{"rendered":"Harrastepelaajan polku"},"content":{"rendered":"<p>Harrastelinjalla harjoitellaan 1-2 krt\/vko ja keskeisen\u00e4 tavoitteena on oppia tenniksen lajitaidot elinik\u00e4ist\u00e4 harrastamista silm\u00e4ll\u00e4 pit\u00e4en. Harrastelinjalla harjoitellaan my\u00f6s motorisia perustaitoja sek\u00e4 pelataan ja kilpaillaan kehityksen karttuessa seuran sis\u00e4isiss\u00e4 kilpailuissa.<\/p>\n<p>J\u00e4rjestelm\u00e4\u00e4 p\u00e4ivitetty huhtikuussa 2021.<\/p>\n<p><a href=\"https:\/\/karjalantennis.fi\/wordpress\/wp-content\/uploads\/2021\/04\/harrastepolku21.pdf\" target=\"_blank\" rel=\"noopener\">Harrastepolku<\/a><\/p>\n","protected":false},"excerpt":{"rendered":"<p>Harrastelinjalla harjoitellaan 1-2 krt\/vko ja keskeisen\u00e4 tavoitteena on oppia tenniksen lajitaidot elinik\u00e4ist\u00e4 harrastamista silm\u00e4ll\u00e4 pit\u00e4en. Harrastelinjalla harjoitellaan my\u00f6s motorisia perustaitoja sek\u00e4 pelataan ja kilpaillaan kehityksen karttuessa seuran sis\u00e4isiss\u00e4 kilpailuissa. J\u00e4rjestelm\u00e4\u00e4 p\u00e4ivitetty huhtikuussa 2021. Harrastepolku<\/p>\n","protected":false},"author":2,"featured_media":0,"parent":0,"menu_order":0,"comment_status":"closed","ping_status":"closed","template":"","meta":{"_kad_post_transparent":"","_kad_post_title":"","_kad_post_layout":"","_kad_post_sidebar_id":"","_kad_post_content_style":"","_kad_post_vertical_padding":"","_kad_post_feature":"","_kad_post_feature_position":"","_kad_post_header":false,"_kad_post_footer":false,"_kad_post_classname":"","footnotes":""},"class_list":["post-1780","page","type-page","status-publish","hentry"],"_links":{"self":[{"href":"https:\/\/karjalantennis.fi\/wordpress\/wp-json\/wp\/v2\/pages\/1780","targetHints":{"allow":["GET"]}}],"collection":[{"href":"https:\/\/karjalantennis.fi\/wordpress\/wp-json\/wp\/v2\/pages"}],"about":[{"href":"https:\/\/karjalantennis.fi\/wordpress\/wp-json\/wp\/v2\/types\/page"}],"author":[{"embeddable":true,"href":"https:\/\/karjalantennis.fi\/wordpress\/wp-json\/wp\/v2\/users\/2"}],"replies":[{"embeddable":true,"href":"https:\/\/karjalantennis.fi\/wordpress\/wp-json\/wp\/v2\/comments?post=1780"}],"version-history":[{"count":5,"href":"https:\/\/karjalantennis.fi\/wordpress\/wp-json\/wp\/v2\/pages\/1780\/revisions"}],"predecessor-version":[{"id":4264,"href":"https:\/\/karjalantennis.fi\/wordpress\/wp-json\/wp\/v2\/pages\/1780\/revisions\/4264"}],"wp:attachment":[{"href":"https:\/\/karjalantennis.fi\/wordpress\/wp-json\/wp\/v2\/media?parent=1780"}],"curies":[{"name":"wp","href":"https:\/\/api.w.org\/{rel}","templated":true}]}}