{"id":5413,"date":"2022-05-05T14:22:38","date_gmt":"2022-05-05T11:22:38","guid":{"rendered":"https:\/\/karjalantennis.fi\/wordpress\/?page_id=5413"},"modified":"2022-06-07T15:48:35","modified_gmt":"2022-06-07T12:48:35","slug":"kesan-infokirje-harjoitusajat-ajalle-6-6-8-7-1-10-8","status":"publish","type":"page","link":"https:\/\/karjalantennis.fi\/wordpress\/kesan-infokirje-harjoitusajat-ajalle-6-6-8-7-1-10-8\/","title":{"rendered":"Kes\u00e4n infokirje + Harjoitusajat ajalle 6.6.-8.7. &#038; 1.-10.8."},"content":{"rendered":"<p>Kes\u00e4ll\u00e4 harjoituksia on 9 viikon ajan.<br \/>\n6.6.-8.7. ja 1.-26.8. (vkot 23,24,25,26,27 ja 31,32,33,34)<br \/>\n9.7.-31.7. on kaikilla ryhmill\u00e4 harjoitustauko.<\/p>\n<p>Valittavana on joko 4-6 vkon paketti tai 7-9 vkon paketti.<br \/>\nSamalla kun ilmoitat kumman valmennuspaketin valitset, ilmoita viikot milloin osallistut harjoituksiin.<\/p>\n<p>Infon lopusta l\u00f6ytyy pelaajien tasot ja harjoitusajat sek\u00e4 valmennuspakettien hinnat.<\/p>\n<p>Sateella harjoitukset ovat tennishallissa.<br \/>\nKes\u00e4kauden harjoituksiin osallistuvilla on oikeus k\u00e4ytt\u00e4\u00e4 vapaita ulkokentti\u00e4 ilman varausta ilmaiseksi. Lis\u00e4tiedot valmentajilta.<\/p>\n<p>Ilmoita s\u00e4hk\u00f6postilla osoitteeseen jasujaska@hotmail.com 18.5. menness\u00e4 kumman valmennuspaketin valitset ja min\u00e4 viikkoina olet harjoituksissa paikalla. Ilmoita my\u00f6s jos et jostain syyst\u00e4 pysty harjoittelemaan kes\u00e4ll\u00e4.<\/p>\n<p>Alla kes\u00e4n 2022 harjoitustasot, harjoitusajat 6.6.-8.7. &amp; 1.-10.8. v\u00e4lille sek\u00e4 valmennuspakettien hinnat.<br \/>\n11.-26.8. on eri harjoitusajat, jotka l\u00f6ytyv\u00e4t KarTen nettisivuilta valmennus-v\u00e4lilehdelt\u00e4.<br \/>\nTietoturvallisuussyist\u00e4 pelaajat l\u00f6ytyv\u00e4t etunimell\u00e4 ja sukunimen ensimm\u00e4isell\u00e4 kirjaimella. Jos nime\u00e4si ei l\u00f6ydy listasta, ota yhteys Jasuun (050\/3391321)<\/p>\n<p><b>Punainen harrastus (Harjoitukset aina tennishallissa)<br \/>\n<\/b><b>1h\/vko, 4-6vkoa = 60\u20ac, 7-9vkoa = 80\u20ac<br \/>\n<\/b><b>Keskiviikko 16.30-17.30<\/b><\/p>\n<p>Lilly K<br \/>\nEevi M<br \/>\nMea K<br \/>\nPeetu V<br \/>\nAlma K<br \/>\nSofia K<br \/>\nAdalia H<br \/>\nNella A<br \/>\nLeo L<br \/>\nViljo L<br \/>\nSamuel K<br \/>\nBella M<br \/>\nLeon M<\/p>\n<p><b>Oranssi harrastus<br \/>\n<\/b><b>2h\/vko, 4-6vkoa = 120\u20ac, 7-9vkoa = 160\u20ac<br \/>\n<\/b><b>Maanantai 16-17, Keskiviikko 15-16<\/b><\/p>\n<p>Petrus K<br \/>\nElla K<br \/>\nVilma T<br \/>\nOiva S<br \/>\nAapo S<br \/>\nJesse<br \/>\nPaavo<br \/>\nKiira S<br \/>\nAleksi K<br \/>\nAnton K<br \/>\nNooa K<br \/>\nTopias K<br \/>\nEljas M<br \/>\nOliver S<br \/>\nOlivia H<\/p>\n<p><b>Vihre\u00e4 harrastus<\/b><\/p>\n<p><b>2h\/vko, 4-6vkoa = 120\u20ac, 7-9vkoa = 160\u20ac<br \/>\n<\/b><b>Tiistai 13-14, Torstai 11-12<\/b><\/p>\n<p>Kaarlo P<br \/>\nVilho F<br \/>\nOtso M<br \/>\nAaro L<br \/>\nAkseli M<br \/>\nMikael T<br \/>\nMatti P<br \/>\nEvan A<br \/>\nVenla K<br \/>\nLilja I<br \/>\nVilma S<br \/>\nVeeti V<br \/>\nJenny R<\/p>\n<p><b>Keltainen harrastus<br \/>\n<\/b><b>2h\/vko, 4-6vkoa = 120\u20ac, 7-9vkoa = 160\u20ac<br \/>\n<\/b><b>Tiistai 13-14, Torstai 11-12<\/b><\/p>\n<p>Elmeri K<br \/>\nValtteri H<br \/>\nAku K<br \/>\nVeeti K<br \/>\nOnni H<br \/>\nVilhelmiina M<br \/>\nWenla M<br \/>\nLotta P<br \/>\nLiisa H<br \/>\nIida P<br \/>\nAino L<br \/>\nOona T<br \/>\nMaria Mu<\/p>\n<p><b>Keltainen harrastus<br \/>\n<\/b><b>2h\/vko, 4-6vkoa = 120\u20ac, 7-9vkoa = 160\u20ac<br \/>\n<\/b><b>Tiistai 14-15, Torstai 10-11<\/b><\/p>\n<p>Kristian H<br \/>\nJanne K<br \/>\nNuutti P<br \/>\nJoona A<br \/>\nSamuel S<br \/>\nEeli H<br \/>\nAlina H<br \/>\nAlina T<br \/>\nVilhelmiina P<br \/>\nMaria Me<\/p>\n<p><b>Keltainen harrastus<br \/>\n<\/b><b>2h\/vko, 4-6vkoa = 120\u20ac, 7-9vkoa = 160\u20ac<br \/>\n<\/b><b>Tiistai 14-15, Torstai 10-11<\/b><\/p>\n<p>Renne H<br \/>\nPaavo M<br \/>\nPyry T<br \/>\nVeikka B<br \/>\nPietari V<br \/>\nTuure H<br \/>\nKatarina P<br \/>\nMatias P<br \/>\nMatias M<br \/>\nPeter A<\/p>\n<p><b>Vihre\u00e4 kilpa<br \/>\n<\/b><b>4h\/vko, 4-6vkoa = 240\u20ac, 7-9vkoa = 320\u20ac<br \/>\n<\/b><b>Maanantai 12.30-13.30 (14), Tiistai 10-11 (11.30),\u00a0<\/b><b>Keskiviikko 12-13 (13.30), Torstai 14-15 (15.30)<\/b><\/p>\n<p>Veikka K<br \/>\nKasper K<br \/>\nManu M<br \/>\nLuukas M<br \/>\nIina S<\/p>\n<p><b>Oranssi esikilpa<br \/>\n<\/b><b>3h\/vko, 4-6vkoa = 180\u20ac, 7-9vkoa = 240\u20ac<br \/>\n<\/b><b>Maanantai 12.30-13.30 (14), Keskiviikko 12-13 (13.30), Torstai 14-15 (15.30)<\/b><\/p>\n<p>Lauri K<br \/>\nTuomas K<br \/>\nEmil V<\/p>\n<p><b>Keltainen kilpa 11-13<br \/>\n<\/b><b>6h\/vko, 7-9vkoa = 420\u20ac<span class=\"Apple-converted-space\"><br \/>\n<\/span><\/b><b>Maanantai 12.30-14, Tiistai 10-11.30,\u00a0<\/b><b>Keskiviikko 12-13.30, Torstai 14-15.30<\/b><\/p>\n<p>Emma S<br \/>\nSofia K<br \/>\nVilja P<br \/>\nOskari K<br \/>\nKasper H<br \/>\nVeikko S<\/p>\n<p><b>Keltainen kilpa 13-18<br \/>\n<\/b><b>Keskim\u00e4\u00e4rin 9h\/vko, 7-9vkoa = 630\u20ac<br \/>\n<\/b><b>Maanantai 14-16, Tiistai 11.30-13, 15-16.30,\u00a0<\/b><b>Keskiviikko 10.30-12, 13.30-15, Torstai 12-14<\/b><\/p>\n<p>Jesse S<br \/>\nEetu S<br \/>\nNiilo P<br \/>\nLassi L<br \/>\nLeevi L<br \/>\nVisa B<br \/>\nPaavo K<br \/>\nMeri H<br \/>\nSatu S<br \/>\nLenni L<br \/>\nMiko P<br \/>\nEelis R<\/p>\n<p><b>Sarjatennis<br \/>\n<\/b><b>Maanantai 14-16, Tiistai 11-13, Keskiviikko 13-15,\u00a0<\/b><b>Torstai 12-14<\/b><\/p>\n<p>Sauli H<br \/>\nArttu R<br \/>\nVeikko S<\/p>\n","protected":false},"excerpt":{"rendered":"<p>Kes\u00e4ll\u00e4 harjoituksia on 9 viikon ajan. 6.6.-8.7. ja 1.-26.8. (vkot 23,24,25,26,27 ja 31,32,33,34) 9.7.-31.7. on kaikilla ryhmill\u00e4 harjoitustauko. Valittavana on joko 4-6 vkon paketti tai 7-9 vkon paketti. Samalla kun ilmoitat kumman valmennuspaketin valitset, ilmoita viikot milloin osallistut harjoituksiin. Infon lopusta l\u00f6ytyy pelaajien tasot ja harjoitusajat sek\u00e4 valmennuspakettien hinnat. Sateella harjoitukset ovat tennishallissa. Kes\u00e4kauden harjoituksiin&#8230;<\/p>\n","protected":false},"author":8,"featured_media":0,"parent":0,"menu_order":0,"comment_status":"closed","ping_status":"closed","template":"","meta":{"_kad_post_transparent":"","_kad_post_title":"","_kad_post_layout":"","_kad_post_sidebar_id":"","_kad_post_content_style":"","_kad_post_vertical_padding":"","_kad_post_feature":"","_kad_post_feature_position":"","_kad_post_header":false,"_kad_post_footer":false,"_kad_post_classname":"","footnotes":""},"class_list":["post-5413","page","type-page","status-publish","hentry"],"_links":{"self":[{"href":"https:\/\/karjalantennis.fi\/wordpress\/wp-json\/wp\/v2\/pages\/5413","targetHints":{"allow":["GET"]}}],"collection":[{"href":"https:\/\/karjalantennis.fi\/wordpress\/wp-json\/wp\/v2\/pages"}],"about":[{"href":"https:\/\/karjalantennis.fi\/wordpress\/wp-json\/wp\/v2\/types\/page"}],"author":[{"embeddable":true,"href":"https:\/\/karjalantennis.fi\/wordpress\/wp-json\/wp\/v2\/users\/8"}],"replies":[{"embeddable":true,"href":"https:\/\/karjalantennis.fi\/wordpress\/wp-json\/wp\/v2\/comments?post=5413"}],"version-history":[{"count":5,"href":"https:\/\/karjalantennis.fi\/wordpress\/wp-json\/wp\/v2\/pages\/5413\/revisions"}],"predecessor-version":[{"id":5543,"href":"https:\/\/karjalantennis.fi\/wordpress\/wp-json\/wp\/v2\/pages\/5413\/revisions\/5543"}],"wp:attachment":[{"href":"https:\/\/karjalantennis.fi\/wordpress\/wp-json\/wp\/v2\/media?parent=5413"}],"curies":[{"name":"wp","href":"https:\/\/api.w.org\/{rel}","templated":true}]}}