{"id":5566,"date":"2022-07-12T08:36:11","date_gmt":"2022-07-12T05:36:11","guid":{"rendered":"https:\/\/karjalantennis.fi\/wordpress\/?page_id=5566"},"modified":"2025-11-27T17:41:13","modified_gmt":"2025-11-27T15:41:13","slug":"etsin-pelikaveria-osio","status":"publish","type":"page","link":"https:\/\/karjalantennis.fi\/wordpress\/etsin-pelikaveria-osio\/","title":{"rendered":"Etsin pelikaveria -osio"},"content":{"rendered":"\t\t<div data-elementor-type=\"wp-page\" data-elementor-id=\"5566\" class=\"elementor elementor-5566\">\n\t\t\t\t<div class=\"elementor-element elementor-element-32a7101 e-flex e-con-boxed e-con e-parent\" data-id=\"32a7101\" data-element_type=\"container\" data-e-type=\"container\">\n\t\t\t\t\t<div class=\"e-con-inner\">\n\t\t\t\t<div class=\"elementor-element elementor-element-509f1fd4 elementor-widget elementor-widget-text-editor\" data-id=\"509f1fd4\" data-element_type=\"widget\" data-e-type=\"widget\" data-widget_type=\"text-editor.default\">\n\t\t\t\t<div class=\"elementor-widget-container\">\n\t\t\t\t\t\t\t\t\t<p><\/p>\n<p class=\"has-medium-font-size\">Jos olet vailla pelikaveria, voit laittaa info@karjalantennis.fi osoitteeseen s\u00e4hk\u00f6postilla kuvauksen omasta pelitasostasi.<\/p><p class=\"has-medium-font-size\"><br>Ilmoitus tulee n\u00e4kyville t\u00e4h\u00e4n Etsin pelikaveria -osion alle.<\/p>\n<p><\/p>\t\t\t\t\t\t\t\t<\/div>\n\t\t\t\t<\/div>\n\t\t\t\t\t<\/div>\n\t\t\t\t<\/div>\n\t\t\t\t<\/div>\n\t\t","protected":false},"excerpt":{"rendered":"<p>Jos olet vailla pelikaveria, voit laittaa info@karjalantennis.fi osoitteeseen s\u00e4hk\u00f6postilla kuvauksen omasta pelitasostasi. Ilmoitus tulee n\u00e4kyville t\u00e4h\u00e4n Etsin pelikaveria -osion alle.<\/p>\n","protected":false},"author":8,"featured_media":0,"parent":0,"menu_order":0,"comment_status":"closed","ping_status":"closed","template":"","meta":{"_kad_post_transparent":"","_kad_post_title":"","_kad_post_layout":"","_kad_post_sidebar_id":"","_kad_post_content_style":"","_kad_post_vertical_padding":"","_kad_post_feature":"","_kad_post_feature_position":"","_kad_post_header":false,"_kad_post_footer":false,"_kad_post_classname":"","footnotes":""},"class_list":["post-5566","page","type-page","status-publish","hentry"],"_links":{"self":[{"href":"https:\/\/karjalantennis.fi\/wordpress\/wp-json\/wp\/v2\/pages\/5566","targetHints":{"allow":["GET"]}}],"collection":[{"href":"https:\/\/karjalantennis.fi\/wordpress\/wp-json\/wp\/v2\/pages"}],"about":[{"href":"https:\/\/karjalantennis.fi\/wordpress\/wp-json\/wp\/v2\/types\/page"}],"author":[{"embeddable":true,"href":"https:\/\/karjalantennis.fi\/wordpress\/wp-json\/wp\/v2\/users\/8"}],"replies":[{"embeddable":true,"href":"https:\/\/karjalantennis.fi\/wordpress\/wp-json\/wp\/v2\/comments?post=5566"}],"version-history":[{"count":11,"href":"https:\/\/karjalantennis.fi\/wordpress\/wp-json\/wp\/v2\/pages\/5566\/revisions"}],"predecessor-version":[{"id":7853,"href":"https:\/\/karjalantennis.fi\/wordpress\/wp-json\/wp\/v2\/pages\/5566\/revisions\/7853"}],"wp:attachment":[{"href":"https:\/\/karjalantennis.fi\/wordpress\/wp-json\/wp\/v2\/media?parent=5566"}],"curies":[{"name":"wp","href":"https:\/\/api.w.org\/{rel}","templated":true}]}}