{"id":6364,"date":"2024-09-20T16:10:13","date_gmt":"2024-09-20T13:10:13","guid":{"rendered":"https:\/\/karjalantennis.fi\/wordpress\/?page_id=6364"},"modified":"2025-11-09T09:12:14","modified_gmt":"2025-11-09T07:12:14","slug":"karte-laatuseurana","status":"publish","type":"page","link":"https:\/\/karjalantennis.fi\/wordpress\/karte-laatuseurana\/","title":{"rendered":"KarTe laatuseurana"},"content":{"rendered":"\n<p class=\"has-medium-font-size\">KarTe:n toimintaan on arvioitu ulkopuolisten toimin s\u00e4\u00e4nn\u00f6llisin v\u00e4liajoin. KarTe oli aikoinaan Sinettiseura (Valo ja urheiluliiton organisoijana) ja Olympiakomitean ja lajiliittojen muuttaessa laatuseuraohjelmaansa (T\u00e4htiseura-ohjelma), KarTe osallistui ensimm\u00e4isen\u00e4 suomalaisena tennisseurana uudenmalliseen auditointiin. Vuonna 2018 KarTe sai ensimm\u00e4isen\u00e4 tennisseurana T\u00e4htimerkin sek\u00e4 lasten ja nuorten ett\u00e4 aikuisten toiminnan osalta. Vuonna 2021 seuran toiminta auditoitiin uudestaan ja KarTe sai jatkaa T\u00e4htiseura-merkkien k\u00e4ytt\u00f6\u00e4. Saman auditoinnin yhteydess\u00e4 Suomen tennisliitto uusi omaa laatuseuraohjelmaansa ja m\u00e4\u00e4ritteli kriteerit Kilpaseuralle. Ulkoisen arvioinnin yhteydess\u00e4 KarTe:sta tuli ensimm\u00e4inen laatuauditoitu kilpaseura Suomessa.<\/p>\n\n\n\n<p class=\"has-medium-font-size\">T\u00e4htiseura on Olympiakomitean, lajiliittojen ja liikunnan aluej\u00e4rjest\u00f6jen seurojen laatuohjelma. T\u00e4htimerkki on lupaus laadusta nykyisille ja uusille seuran j\u00e4senille sek\u00e4 heid\u00e4n l\u00e4hipiirilleen ja tukijoille. T\u00e4htimerkki on osoitus modernista, ketter\u00e4st\u00e4, vastuullisesta ja inhimillisest\u00e4 toimintatavasta. Se vastaa erilaisten liikkujien tarpeisiin, mutta my\u00f6s kehittyy heid\u00e4n mukanaan<\/p>\n\n\n\n<p class=\"has-medium-font-size\">KarTe:n toiminnan ulkoinen arviointi suoritetaan seuraavan kerran syksyll\u00e4 2024.<\/p>\n","protected":false},"excerpt":{"rendered":"<p>KarTe:n toimintaan on arvioitu ulkopuolisten toimin s\u00e4\u00e4nn\u00f6llisin v\u00e4liajoin. KarTe oli aikoinaan Sinettiseura (Valo ja urheiluliiton organisoijana) ja Olympiakomitean ja lajiliittojen muuttaessa laatuseuraohjelmaansa (T\u00e4htiseura-ohjelma), KarTe osallistui ensimm\u00e4isen\u00e4 suomalaisena tennisseurana uudenmalliseen auditointiin. Vuonna 2018 KarTe sai ensimm\u00e4isen\u00e4 tennisseurana T\u00e4htimerkin sek\u00e4 lasten ja nuorten ett\u00e4 aikuisten toiminnan osalta. Vuonna 2021 seuran toiminta auditoitiin uudestaan ja KarTe sai jatkaa&#8230;<\/p>\n","protected":false},"author":2,"featured_media":0,"parent":0,"menu_order":0,"comment_status":"closed","ping_status":"closed","template":"","meta":{"_kad_post_transparent":"","_kad_post_title":"","_kad_post_layout":"","_kad_post_sidebar_id":"","_kad_post_content_style":"","_kad_post_vertical_padding":"","_kad_post_feature":"","_kad_post_feature_position":"","_kad_post_header":false,"_kad_post_footer":false,"_kad_post_classname":"","footnotes":""},"class_list":["post-6364","page","type-page","status-publish","hentry"],"_links":{"self":[{"href":"https:\/\/karjalantennis.fi\/wordpress\/wp-json\/wp\/v2\/pages\/6364","targetHints":{"allow":["GET"]}}],"collection":[{"href":"https:\/\/karjalantennis.fi\/wordpress\/wp-json\/wp\/v2\/pages"}],"about":[{"href":"https:\/\/karjalantennis.fi\/wordpress\/wp-json\/wp\/v2\/types\/page"}],"author":[{"embeddable":true,"href":"https:\/\/karjalantennis.fi\/wordpress\/wp-json\/wp\/v2\/users\/2"}],"replies":[{"embeddable":true,"href":"https:\/\/karjalantennis.fi\/wordpress\/wp-json\/wp\/v2\/comments?post=6364"}],"version-history":[{"count":4,"href":"https:\/\/karjalantennis.fi\/wordpress\/wp-json\/wp\/v2\/pages\/6364\/revisions"}],"predecessor-version":[{"id":7309,"href":"https:\/\/karjalantennis.fi\/wordpress\/wp-json\/wp\/v2\/pages\/6364\/revisions\/7309"}],"wp:attachment":[{"href":"https:\/\/karjalantennis.fi\/wordpress\/wp-json\/wp\/v2\/media?parent=6364"}],"curies":[{"name":"wp","href":"https:\/\/api.w.org\/{rel}","templated":true}]}}