{"id":6673,"date":"2025-11-06T12:26:27","date_gmt":"2025-11-06T10:26:27","guid":{"rendered":"https:\/\/karjalantennis.fi\/wordpress\/?page_id=6673"},"modified":"2026-03-29T14:52:23","modified_gmt":"2026-03-29T11:52:23","slug":"valmentajaesittely-2","status":"publish","type":"page","link":"https:\/\/karjalantennis.fi\/wordpress\/valmentajaesittely-2\/","title":{"rendered":"Valmentaja esittely"},"content":{"rendered":"\t\t<div data-elementor-type=\"wp-page\" data-elementor-id=\"6673\" class=\"elementor elementor-6673\">\n\t\t\t\t<div class=\"elementor-element elementor-element-be97b7b e-flex e-con-boxed e-con e-parent\" data-id=\"be97b7b\" data-element_type=\"container\" data-e-type=\"container\">\n\t\t\t\t\t<div class=\"e-con-inner\">\n\t\t\t\t<div class=\"elementor-element elementor-element-2daa068 elementor-widget elementor-widget-heading\" data-id=\"2daa068\" data-element_type=\"widget\" data-e-type=\"widget\" data-widget_type=\"heading.default\">\n\t\t\t\t<div class=\"elementor-widget-container\">\n\t\t\t\t\t<h2 class=\"elementor-heading-title elementor-size-default\">Valmentaja esittely<\/h2>\t\t\t\t<\/div>\n\t\t\t\t<\/div>\n\t\t\t\t\t<\/div>\n\t\t\t\t<\/div>\n\t\t<div class=\"elementor-element elementor-element-25cfc0df e-flex e-con-boxed e-con e-parent\" data-id=\"25cfc0df\" data-element_type=\"container\" data-e-type=\"container\">\n\t\t\t\t\t<div class=\"e-con-inner\">\n\t\t\t\t<div class=\"elementor-element elementor-element-2875578c elementor-widget elementor-widget-text-editor\" data-id=\"2875578c\" data-element_type=\"widget\" data-e-type=\"widget\" data-widget_type=\"text-editor.default\">\n\t\t\t\t<div class=\"elementor-widget-container\">\n\t\t\t\t\t\t\t\t\t<div class=\"wp-block-media-text is-stacked-on-mobile\">\n<figure class=\"wp-block-media-text__media\"><img fetchpriority=\"high\" decoding=\"async\" width=\"606\" height=\"570\" class=\"wp-image-5626 size-column1-1\/2\" src=\"https:\/\/karjalantennis.fi\/wordpress\/wp-content\/uploads\/2022\/09\/IMG_0669-scaled-e1663002968229-606x570.jpg\" alt=\"\"><\/figure>\n<div class=\"wp-block-media-text__content\">\n<p><\/p>\n<p class=\"has-medium-font-size\"><strong>Jaakko Immonen<\/strong><\/p>\n<p><\/p>\n<p class=\"has-medium-font-size\">&#8221;<strong>Tenis toda la vida \u2013 Tennist\u00e4 l\u00e4pi el\u00e4m\u00e4n<\/strong>&#8221;<\/p>\n<p><\/p>\n<p class=\"has-medium-font-size\">Jaakko &#8221;Jasu&#8221; Immonen on seuran valmennusp\u00e4\u00e4llikk\u00f6. Jasu on suorittanut Tennisliiton kilpavalmentajakoulutuksen. Muulta koulutukseltaan Jasu on nuoriso- ja vapaa-ajanohjaaja. Jasu on tehnyt my\u00f6s urheilujohtamisen sek\u00e4 sosiologian aineopinnot. Jasu on toiminut ammattimaisena valmentajana vuodesta 1998 l\u00e4htien.<\/p>\n<p><\/p>\n<\/div>\n<\/div>\n<p><!-- \/wp:media-text --><!-- wp:separator --><\/p>\n<hr class=\"wp-block-separator has-alpha-channel-opacity\">\n<p><!-- \/wp:separator --><!-- wp:paragraph --><\/p>\n<p><!-- \/wp:paragraph --><!-- wp:media-text {\"mediaId\":5627,\"mediaLink\":\"https:\/\/karjalantennis.fi\/wordpress\/img_0666\/\",\"mediaType\":\"image\",\"mediaSizeSlug\":\"medium\"} --><\/p>\n<div class=\"wp-block-media-text is-stacked-on-mobile\">\n<figure class=\"wp-block-media-text__media\"><img decoding=\"async\" width=\"243\" height=\"300\" class=\"wp-image-5627 size-medium\" src=\"https:\/\/karjalantennis.fi\/wordpress\/wp-content\/uploads\/2022\/09\/IMG_0666-scaled-e1663003699357-243x300.jpg\" alt=\"\" srcset=\"https:\/\/karjalantennis.fi\/wordpress\/wp-content\/uploads\/2022\/09\/IMG_0666-scaled-e1663003699357-243x300.jpg 243w, https:\/\/karjalantennis.fi\/wordpress\/wp-content\/uploads\/2022\/09\/IMG_0666-scaled-e1663003699357.jpg 477w\" sizes=\"(max-width: 243px) 100vw, 243px\" \/><\/figure>\n<div class=\"wp-block-media-text__content\">\n<p><!-- wp:paragraph {\"placeholder\":\"Sis\u00e4lt\u00f6...\",\"fontSize\":\"medium\"} --><\/p>\n<p class=\"has-medium-font-size\"><strong>Sami Korhonen<\/strong><\/p>\n<p><!-- \/wp:paragraph --><!-- wp:paragraph {\"fontSize\":\"medium\"} --><\/p>\n<p class=\"has-medium-font-size\">&#8221;<strong>Posin kautta<\/strong>&#8221;<\/p>\n<p><!-- \/wp:paragraph --><!-- wp:paragraph {\"placeholder\":\"Sis\u00e4lt\u00f6...\",\"fontSize\":\"medium\"} --><\/p>\n<p class=\"has-medium-font-size\">Sami &#8221;\u00e4ss\u00e4&#8221; Korhonen toimii KarTe:ssa seuravalmentajana. Sami on suorittanut Tennisliiton kilpavalmentajakoulutuksen. Sami on tullut KarTe:n valmennustoimintaan mukaan 2006, ensin tuntivalmentajana ja sitten aikuisvalmennuksen lis\u00e4ntymisen my\u00f6t\u00e4 enemm\u00e4n vuodesta 2013 l\u00e4htien. Sami on toiminut p\u00e4\u00e4toimisena valmentajana vuodesta 2016 l\u00e4htien.<\/p>\n<p><!-- \/wp:paragraph --><!-- wp:paragraph {\"fontSize\":\"medium\"} --><\/p>\n<p class=\"has-medium-font-size\">Sami on kartelaisen tennispolun kasvatti. Vuonna 1999 Sami tuli seuraan juniorina. Sami seurasi seuran kilpalinjan polkua ja kilpaili ahkerasti. Sami nousi seuran edustusjoukkueeseen, joka on otellut sek\u00e4 SM-sarja- ett\u00e4 1.divisioonan tasolla. Valmennuksessa k\u00e4ymisen ohella Sami kouluttautui ensin tennisohjaajaksi, sitten seuravalmentajaksi ja viimeisin suoritettu koulutus on Tennisliiton kilpavalmentajakoulutus. Samin vastuulla on etenkin aikuisvalmennus.<\/p>\n<p><\/p>\n<p><!-- \/wp:paragraph --><\/p>\n<\/div>\n<\/div>\n<p><!-- \/wp:media-text --><!-- wp:separator --><\/p>\n<hr class=\"wp-block-separator has-alpha-channel-opacity\">\n<p><!-- \/wp:separator --><!-- wp:media-text {\"mediaId\":5628,\"mediaLink\":\"https:\/\/karjalantennis.fi\/wordpress\/img_0661\/\",\"mediaType\":\"image\",\"mediaSizeSlug\":\"large\"} --><\/p>\n<div class=\"wp-block-media-text is-stacked-on-mobile\">\n<figure class=\"wp-block-media-text__media\"><img decoding=\"async\" width=\"708\" height=\"1024\" class=\"wp-image-5628 size-large\" src=\"https:\/\/karjalantennis.fi\/wordpress\/wp-content\/uploads\/2022\/09\/IMG_0661-scaled-e1663002723784-708x1024.jpg\" alt=\"\"><\/figure>\n<div class=\"wp-block-media-text__content\">\n<p><!-- wp:paragraph {\"placeholder\":\"Sis\u00e4lt\u00f6...\",\"fontSize\":\"medium\"} --><\/p>\n<p class=\"has-medium-font-size\"><strong>Tommi Nissinen<\/strong><\/p>\n<p><!-- \/wp:paragraph --><!-- wp:paragraph {\"fontSize\":\"medium\"} --><\/p>\n<p class=\"has-medium-font-size\">&#8221;<strong>Lite b\u00e4ttre<\/strong>&#8221;<\/p>\n<p><!-- \/wp:paragraph --><!-- wp:paragraph {\"placeholder\":\"Sis\u00e4lt\u00f6...\",\"fontSize\":\"medium\"} --><\/p>\n<p class=\"has-medium-font-size\">Juniorivalmennusp\u00e4\u00e4llikk\u00f6 Tommi &#8221;professori&#8221; Nissinen on uusin KarTe:n valmentajista. Tosin ennen Joensuuhun tuloa Tommilla on yli kymmenen vuoden kokemus tennisvalmentamisesta. Tommi on suorittanut Tennisliiton kilpavalmentajakoulutuksen.<\/p>\n<p><!-- \/wp:paragraph --><!-- wp:paragraph {\"fontSize\":\"medium\"} --><\/p>\n<p class=\"has-medium-font-size\">Tommi on kilpavalmentajatutkinnon suorittanut pitk\u00e4n linjan tenniskonkari. Tommi on pelaajana l\u00e4pik\u00e4ynyt kilpapelaajan polun huipulle asti. <\/p>\n<p>Tommi edusti Suomea tenniksen juniorimaajoukkueissa 14-, 16- ja 18-vuotiaissa. T\u00e4m\u00e4n j\u00e4lkeen Tommi l\u00e4hti Yhdysvaltoihin opiskelemaan tennisstipendiaattina ja suoritti James Madison Universityssa Bachelor of Science -tutkinnon p\u00e4\u00e4aineenaan Sports Management. Tommi on valittu vuoden seuravalmentajaksi vuonna 2013.&nbsp;<\/p>\n<p><!-- \/wp:paragraph --><\/p>\n<\/div>\n<\/div>\n<p><!-- \/wp:media-text --><!-- wp:separator --><\/p>\n<hr class=\"wp-block-separator has-alpha-channel-opacity\">\n<p><!-- \/wp:separator --><!-- wp:media-text {\"mediaId\":5629,\"mediaLink\":\"https:\/\/karjalantennis.fi\/wordpress\/img_0670\/\",\"mediaType\":\"image\",\"mediaSizeSlug\":\"column1-1\/2\"} --><\/p>\n<div class=\"wp-block-media-text is-stacked-on-mobile\">\n<figure class=\"wp-block-media-text__media\"><img loading=\"lazy\" decoding=\"async\" width=\"606\" height=\"570\" class=\"wp-image-5629 size-column1-1\/2\" src=\"https:\/\/karjalantennis.fi\/wordpress\/wp-content\/uploads\/2022\/09\/IMG_0670-scaled-e1663002684946-606x570.jpg\" alt=\"\"><\/figure>\n<div class=\"wp-block-media-text__content\">\n<p><!-- wp:paragraph {\"placeholder\":\"Sis\u00e4lt\u00f6...\",\"fontSize\":\"medium\"} --><\/p>\n<p class=\"has-medium-font-size\"><strong>Paavo Sivonen<\/strong><\/p>\n<p><!-- \/wp:paragraph --><!-- wp:paragraph {\"fontSize\":\"medium\"} --><\/p>\n<p class=\"has-medium-font-size\">&#8221;<strong>Mink\u00e4 ilotta oppii sen surutta unohtaa<\/strong>&#8221;<\/p>\n<p><!-- \/wp:paragraph --><!-- wp:paragraph {\"placeholder\":\"Sis\u00e4lt\u00f6...\",\"fontSize\":\"medium\"} --><\/p>\n<p class=\"has-medium-font-size\">Paavo &#8221;legenda&#8221; Sivonen on KarTe:n p\u00e4\u00e4valmentaja. Monikymmenvuotisen kokemuksen omaava Pave on suorittanut tenniksen ammattivalmentajatutkinnon. Muulta koulutukseltaan Paavo on kasvatustieteen maisteri.<\/p>\n<p><!-- \/wp:paragraph --><!-- wp:paragraph {\"fontSize\":\"medium\"} --><\/p>\n<p class=\"has-medium-font-size\">Joensuulaisen tenniksen ikoni. Valmennusta jo nelj\u00e4ll\u00e4 vuosikymmenell\u00e4. Valmentajan erikoisammattitutkinto yhdistettyn\u00e4 luokanopettajakoulutukseen antaa hyv\u00e4t ev\u00e4\u00e4t valmentamiselle. Paavo on pitk\u00e4ll\u00e4 urallaan toiminut Suomen juniorimaajoukkueiden valmentajana, valittu vuonna 2000 vuoden seuravalmentajaksi, toiminut Tennisliiton<\/p>\n<p><!-- \/wp:paragraph --><\/p>\n<\/div>\n<\/div>\n<p><!-- \/wp:media-text --><!-- wp:separator --><\/p>\n<hr class=\"wp-block-separator has-alpha-channel-opacity\">\n<p><!-- \/wp:separator --><!-- wp:paragraph {\"fontSize\":\"medium\"} --><\/p>\n<p class=\"has-medium-font-size\">Koulutetut ammattivalmentajat ovat olleet KarTe:n toiminnan kulmakivi toiminnan alusta l\u00e4htien. Olemme seurana ylpeit\u00e4 valmentajistamme.<\/p>\n<p><!-- \/wp:paragraph --><\/p>\t\t\t\t\t\t\t\t<\/div>\n\t\t\t\t<\/div>\n\t\t\t\t\t<\/div>\n\t\t\t\t<\/div>\n\t\t\t\t<\/div>\n\t\t","protected":false},"excerpt":{"rendered":"<p>Valmentaja esittely Jaakko Immonen &#8221;Tenis toda la vida \u2013 Tennist\u00e4 l\u00e4pi el\u00e4m\u00e4n&#8221; Jaakko &#8221;Jasu&#8221; Immonen on seuran valmennusp\u00e4\u00e4llikk\u00f6. Jasu on suorittanut Tennisliiton kilpavalmentajakoulutuksen. Muulta koulutukseltaan Jasu on nuoriso- ja vapaa-ajanohjaaja. Jasu on tehnyt my\u00f6s urheilujohtamisen sek\u00e4 sosiologian aineopinnot. Jasu on toiminut ammattimaisena valmentajana vuodesta 1998 l\u00e4htien. Sami Korhonen &#8221;Posin kautta&#8221; Sami &#8221;\u00e4ss\u00e4&#8221; Korhonen toimii KarTe:ssa&#8230;<\/p>\n","protected":false},"author":101014,"featured_media":0,"parent":0,"menu_order":0,"comment_status":"closed","ping_status":"closed","template":"","meta":{"_kad_post_transparent":"","_kad_post_title":"","_kad_post_layout":"","_kad_post_sidebar_id":"","_kad_post_content_style":"","_kad_post_vertical_padding":"","_kad_post_feature":"","_kad_post_feature_position":"","_kad_post_header":false,"_kad_post_footer":false,"_kad_post_classname":"","footnotes":""},"class_list":["post-6673","page","type-page","status-publish","hentry"],"_links":{"self":[{"href":"https:\/\/karjalantennis.fi\/wordpress\/wp-json\/wp\/v2\/pages\/6673","targetHints":{"allow":["GET"]}}],"collection":[{"href":"https:\/\/karjalantennis.fi\/wordpress\/wp-json\/wp\/v2\/pages"}],"about":[{"href":"https:\/\/karjalantennis.fi\/wordpress\/wp-json\/wp\/v2\/types\/page"}],"author":[{"embeddable":true,"href":"https:\/\/karjalantennis.fi\/wordpress\/wp-json\/wp\/v2\/users\/101014"}],"replies":[{"embeddable":true,"href":"https:\/\/karjalantennis.fi\/wordpress\/wp-json\/wp\/v2\/comments?post=6673"}],"version-history":[{"count":61,"href":"https:\/\/karjalantennis.fi\/wordpress\/wp-json\/wp\/v2\/pages\/6673\/revisions"}],"predecessor-version":[{"id":10069,"href":"https:\/\/karjalantennis.fi\/wordpress\/wp-json\/wp\/v2\/pages\/6673\/revisions\/10069"}],"wp:attachment":[{"href":"https:\/\/karjalantennis.fi\/wordpress\/wp-json\/wp\/v2\/media?parent=6673"}],"curies":[{"name":"wp","href":"https:\/\/api.w.org\/{rel}","templated":true}]}}

<div data-elementor-type="wp-page" data-elementor-id="6673" class="elementor elementor-6673">
				<div class="elementor-element elementor-element-be97b7b e-flex e-con-boxed e-con e-parent" data-id="be97b7b" data-element_type="container" data-e-type="container">
					<div class="e-con-inner">
				<div class="elementor-element elementor-element-2daa068 elementor-widget elementor-widget-heading" data-id="2daa068" data-element_type="widget" data-e-type="widget" data-widget_type="heading.default">
				<div class="elementor-widget-container">
					<h2 class="elementor-heading-title elementor-size-default">Valmentaja esittely</h2>				</div>
				</div>
					</div>
				</div>
		<div class="elementor-element elementor-element-25cfc0df e-flex e-con-boxed e-con e-parent" data-id="25cfc0df" data-element_type="container" data-e-type="container">
					<div class="e-con-inner">
				<div class="elementor-element elementor-element-2875578c elementor-widget elementor-widget-text-editor" data-id="2875578c" data-element_type="widget" data-e-type="widget" data-widget_type="text-editor.default">
				<div class="elementor-widget-container">
									<div class="wp-block-media-text is-stacked-on-mobile">
<figure class="wp-block-media-text__media"><img fetchpriority="high" decoding="async" width="606" height="570" class="wp-image-5626 size-column1-1/2" src="https://karjalantennis.fi/wordpress/wp-content/uploads/2022/09/IMG_0669-scaled-e1663002968229-606x570.jpg" alt=""></figure>
<div class="wp-block-media-text__content">
<p></p>
<p class="has-medium-font-size"><strong>Jaakko Immonen</strong></p>
<p></p>
<p class="has-medium-font-size">&#8221;<strong>Tenis toda la vida – Tennistä läpi elämän</strong>&#8221;</p>
<p></p>
<p class="has-medium-font-size">Jaakko &#8221;Jasu&#8221; Immonen on seuran valmennuspäällikkö. Jasu on suorittanut Tennisliiton kilpavalmentajakoulutuksen. Muulta koulutukseltaan Jasu on nuoriso- ja vapaa-ajanohjaaja. Jasu on tehnyt myös urheilujohtamisen sekä sosiologian aineopinnot. Jasu on toiminut ammattimaisena valmentajana vuodesta 1998 lähtien.</p>
<p></p>
</div>
</div>
<p><!-- /wp:media-text --><!-- wp:separator --></p>
<hr class="wp-block-separator has-alpha-channel-opacity">
<p><!-- /wp:separator --><!-- wp:paragraph --></p>
<p><!-- /wp:paragraph --><!-- wp:media-text {"mediaId":5627,"mediaLink":"https://karjalantennis.fi/wordpress/img_0666/","mediaType":"image","mediaSizeSlug":"medium"} --></p>
<div class="wp-block-media-text is-stacked-on-mobile">
<figure class="wp-block-media-text__media"><img decoding="async" width="243" height="300" class="wp-image-5627 size-medium" src="https://karjalantennis.fi/wordpress/wp-content/uploads/2022/09/IMG_0666-scaled-e1663003699357-243x300.jpg" alt="" srcset="https://karjalantennis.fi/wordpress/wp-content/uploads/2022/09/IMG_0666-scaled-e1663003699357-243x300.jpg 243w, https://karjalantennis.fi/wordpress/wp-content/uploads/2022/09/IMG_0666-scaled-e1663003699357.jpg 477w" sizes="(max-width: 243px) 100vw, 243px" /></figure>
<div class="wp-block-media-text__content">
<p><!-- wp:paragraph {"placeholder":"Sisältö...","fontSize":"medium"} --></p>
<p class="has-medium-font-size"><strong>Sami Korhonen</strong></p>
<p><!-- /wp:paragraph --><!-- wp:paragraph {"fontSize":"medium"} --></p>
<p class="has-medium-font-size">&#8221;<strong>Posin kautta</strong>&#8221;</p>
<p><!-- /wp:paragraph --><!-- wp:paragraph {"placeholder":"Sisältö...","fontSize":"medium"} --></p>
<p class="has-medium-font-size">Sami &#8221;ässä&#8221; Korhonen toimii KarTe:ssa seuravalmentajana. Sami on suorittanut Tennisliiton kilpavalmentajakoulutuksen. Sami on tullut KarTe:n valmennustoimintaan mukaan 2006, ensin tuntivalmentajana ja sitten aikuisvalmennuksen lisäntymisen myötä enemmän vuodesta 2013 lähtien. Sami on toiminut päätoimisena valmentajana vuodesta 2016 lähtien.</p>
<p><!-- /wp:paragraph --><!-- wp:paragraph {"fontSize":"medium"} --></p>
<p class="has-medium-font-size">Sami on kartelaisen tennispolun kasvatti. Vuonna 1999 Sami tuli seuraan juniorina. Sami seurasi seuran kilpalinjan polkua ja kilpaili ahkerasti. Sami nousi seuran edustusjoukkueeseen, joka on otellut sekä SM-sarja- että 1.divisioonan tasolla. Valmennuksessa käymisen ohella Sami kouluttautui ensin tennisohjaajaksi, sitten seuravalmentajaksi ja viimeisin suoritettu koulutus on Tennisliiton kilpavalmentajakoulutus. Samin vastuulla on etenkin aikuisvalmennus.</p>
<p></p>
<p><!-- /wp:paragraph --></p>
</div>
</div>
<p><!-- /wp:media-text --><!-- wp:separator --></p>
<hr class="wp-block-separator has-alpha-channel-opacity">
<p><!-- /wp:separator --><!-- wp:media-text {"mediaId":5628,"mediaLink":"https://karjalantennis.fi/wordpress/img_0661/","mediaType":"image","mediaSizeSlug":"large"} --></p>
<div class="wp-block-media-text is-stacked-on-mobile">
<figure class="wp-block-media-text__media"><img decoding="async" width="708" height="1024" class="wp-image-5628 size-large" src="https://karjalantennis.fi/wordpress/wp-content/uploads/2022/09/IMG_0661-scaled-e1663002723784-708x1024.jpg" alt=""></figure>
<div class="wp-block-media-text__content">
<p><!-- wp:paragraph {"placeholder":"Sisältö...","fontSize":"medium"} --></p>
<p class="has-medium-font-size"><strong>Tommi Nissinen</strong></p>
<p><!-- /wp:paragraph --><!-- wp:paragraph {"fontSize":"medium"} --></p>
<p class="has-medium-font-size">&#8221;<strong>Lite bättre</strong>&#8221;</p>
<p><!-- /wp:paragraph --><!-- wp:paragraph {"placeholder":"Sisältö...","fontSize":"medium"} --></p>
<p class="has-medium-font-size">Juniorivalmennuspäällikkö Tommi &#8221;professori&#8221; Nissinen on uusin KarTe:n valmentajista. Tosin ennen Joensuuhun tuloa Tommilla on yli kymmenen vuoden kokemus tennisvalmentamisesta. Tommi on suorittanut Tennisliiton kilpavalmentajakoulutuksen.</p>
<p><!-- /wp:paragraph --><!-- wp:paragraph {"fontSize":"medium"} --></p>
<p class="has-medium-font-size">Tommi on kilpavalmentajatutkinnon suorittanut pitkän linjan tenniskonkari. Tommi on pelaajana läpikäynyt kilpapelaajan polun huipulle asti. </p>
<p>Tommi edusti Suomea tenniksen juniorimaajoukkueissa 14-, 16- ja 18-vuotiaissa. Tämän jälkeen Tommi lähti Yhdysvaltoihin opiskelemaan tennisstipendiaattina ja suoritti James Madison Universityssa Bachelor of Science -tutkinnon pääaineenaan Sports Management. Tommi on valittu vuoden seuravalmentajaksi vuonna 2013.&nbsp;</p>
<p><!-- /wp:paragraph --></p>
</div>
</div>
<p><!-- /wp:media-text --><!-- wp:separator --></p>
<hr class="wp-block-separator has-alpha-channel-opacity">
<p><!-- /wp:separator --><!-- wp:media-text {"mediaId":5629,"mediaLink":"https://karjalantennis.fi/wordpress/img_0670/","mediaType":"image","mediaSizeSlug":"column1-1/2"} --></p>
<div class="wp-block-media-text is-stacked-on-mobile">
<figure class="wp-block-media-text__media"><img loading="lazy" decoding="async" width="606" height="570" class="wp-image-5629 size-column1-1/2" src="https://karjalantennis.fi/wordpress/wp-content/uploads/2022/09/IMG_0670-scaled-e1663002684946-606x570.jpg" alt=""></figure>
<div class="wp-block-media-text__content">
<p><!-- wp:paragraph {"placeholder":"Sisältö...","fontSize":"medium"} --></p>
<p class="has-medium-font-size"><strong>Paavo Sivonen</strong></p>
<p><!-- /wp:paragraph --><!-- wp:paragraph {"fontSize":"medium"} --></p>
<p class="has-medium-font-size">&#8221;<strong>Minkä ilotta oppii sen surutta unohtaa</strong>&#8221;</p>
<p><!-- /wp:paragraph --><!-- wp:paragraph {"placeholder":"Sisältö...","fontSize":"medium"} --></p>
<p class="has-medium-font-size">Paavo &#8221;legenda&#8221; Sivonen on KarTe:n päävalmentaja. Monikymmenvuotisen kokemuksen omaava Pave on suorittanut tenniksen ammattivalmentajatutkinnon. Muulta koulutukseltaan Paavo on kasvatustieteen maisteri.</p>
<p><!-- /wp:paragraph --><!-- wp:paragraph {"fontSize":"medium"} --></p>
<p class="has-medium-font-size">Joensuulaisen tenniksen ikoni. Valmennusta jo neljällä vuosikymmenellä. Valmentajan erikoisammattitutkinto yhdistettynä luokanopettajakoulutukseen antaa hyvät eväät valmentamiselle. Paavo on pitkällä urallaan toiminut Suomen juniorimaajoukkueiden valmentajana, valittu vuonna 2000 vuoden seuravalmentajaksi, toiminut Tennisliiton</p>
<p><!-- /wp:paragraph --></p>
</div>
</div>
<p><!-- /wp:media-text --><!-- wp:separator --></p>
<hr class="wp-block-separator has-alpha-channel-opacity">
<p><!-- /wp:separator --><!-- wp:paragraph {"fontSize":"medium"} --></p>
<p class="has-medium-font-size">Koulutetut ammattivalmentajat ovat olleet KarTe:n toiminnan kulmakivi toiminnan alusta lähtien. Olemme seurana ylpeitä valmentajistamme.</p>
<p><!-- /wp:paragraph --></p>								</div>
				</div>
					</div>
				</div>
				</div>

<p>Valmentaja esittely Jaakko Immonen &#8221;Tenis toda la vida – Tennistä läpi elämän&#8221; Jaakko &#8221;Jasu&#8221; Immonen on seuran valmennuspäällikkö. Jasu on suorittanut Tennisliiton kilpavalmentajakoulutuksen. Muulta koulutukseltaan Jasu on nuoriso- ja vapaa-ajanohjaaja. Jasu on tehnyt myös urheilujohtamisen sekä sosiologian aineopinnot. Jasu on toiminut ammattimaisena valmentajana vuodesta 1998 lähtien. Sami Korhonen &#8221;Posin kautta&#8221; Sami &#8221;ässä&#8221; Korhonen toimii KarTe:ssa&#8230;</p>
