{"id":6748,"date":"2025-11-06T16:05:49","date_gmt":"2025-11-06T14:05:49","guid":{"rendered":"https:\/\/karjalantennis.fi\/wordpress\/?page_id=6748"},"modified":"2025-12-16T10:14:15","modified_gmt":"2025-12-16T08:14:15","slug":"edustus","status":"publish","type":"page","link":"https:\/\/karjalantennis.fi\/wordpress\/edustus\/","title":{"rendered":"Edustusjoukkueet"},"content":{"rendered":"\t\t<div data-elementor-type=\"wp-page\" data-elementor-id=\"6748\" class=\"elementor elementor-6748\">\n\t\t\t\t\t\t<section class=\"elementor-section elementor-top-section elementor-element elementor-element-54e9585 elementor-section-boxed elementor-section-height-default elementor-section-height-default\" data-id=\"54e9585\" data-element_type=\"section\" data-e-type=\"section\">\n\t\t\t\t\t\t<div class=\"elementor-container elementor-column-gap-default\">\n\t\t\t\t\t<div class=\"elementor-column elementor-col-100 elementor-top-column elementor-element elementor-element-41073c9\" data-id=\"41073c9\" data-element_type=\"column\" data-e-type=\"column\">\n\t\t\t<div class=\"elementor-widget-wrap elementor-element-populated\">\n\t\t\t\t\t\t<section class=\"elementor-section elementor-inner-section elementor-element elementor-element-fabf0c7 elementor-section-boxed elementor-section-height-default elementor-section-height-default\" data-id=\"fabf0c7\" data-element_type=\"section\" data-e-type=\"section\">\n\t\t\t\t\t\t<div class=\"elementor-container elementor-column-gap-default\">\n\t\t\t\t\t<div class=\"elementor-column elementor-col-50 elementor-inner-column elementor-element elementor-element-253fdeb\" data-id=\"253fdeb\" data-element_type=\"column\" data-e-type=\"column\">\n\t\t\t<div class=\"elementor-widget-wrap elementor-element-populated\">\n\t\t\t\t\t\t<div class=\"elementor-element elementor-element-82eb7df elementor-position-top elementor-widget elementor-widget-image-box\" data-id=\"82eb7df\" data-element_type=\"widget\" data-e-type=\"widget\" data-widget_type=\"image-box.default\">\n\t\t\t\t<div class=\"elementor-widget-container\">\n\t\t\t\t\t<div class=\"elementor-image-box-wrapper\"><figure class=\"elementor-image-box-img\"><a href=\"https:\/\/www.tennisassa.fi\/league\/8053DD6B-AED7-4623-BC3C-C327B0C9A116\/draw\/16\" tabindex=\"-1\"><img fetchpriority=\"high\" decoding=\"async\" width=\"871\" height=\"483\" src=\"https:\/\/karjalantennis.fi\/wordpress\/wp-content\/uploads\/2025\/11\/02112024div2bilman-1.png\" class=\"attachment-full size-full wp-image-6751\" alt=\"\" srcset=\"https:\/\/karjalantennis.fi\/wordpress\/wp-content\/uploads\/2025\/11\/02112024div2bilman-1.png 871w, https:\/\/karjalantennis.fi\/wordpress\/wp-content\/uploads\/2025\/11\/02112024div2bilman-1-300x166.png 300w, https:\/\/karjalantennis.fi\/wordpress\/wp-content\/uploads\/2025\/11\/02112024div2bilman-1-768x426.png 768w\" sizes=\"(max-width: 871px) 100vw, 871px\" \/><\/a><\/figure><div class=\"elementor-image-box-content\"><h3 class=\"elementor-image-box-title\"><a href=\"https:\/\/www.tennisassa.fi\/league\/8053DD6B-AED7-4623-BC3C-C327B0C9A116\/draw\/16\">Miesten 1 &amp; 2 joukkue: 2-divisioona lohko A tilanne<\/a><\/h3><p class=\"elementor-image-box-description\">KarTe 1: Miko Piiroinen, Eelis Raasio, Visa Balk, Lassi Laine ja Lenni Laine<br>KarTe 2: Leevi Laine, Niilo Purmonen, Eetu Simonen ja Paavo Korhonen<br><br>Tasavahvat 1 &amp; 2 joukkue pelaavat talvella 2025-26 \n2-divisioonassa.\n\nKarTe 1 pelaa kes\u00e4ll\u00e4 2026 1-divisioonassa.<br><br><span style=\"font-family: Roboto, sans-serif;font-size: 18px;font-style: normal;font-weight: 400\">\ud83c\udfbe<\/span><span style=\"font-family: Roboto, sans-serif;font-size: 18px;font-style: normal;font-weight: 400\">\ud83c\udfbe<\/span><span style=\"font-family: Roboto, sans-serif;font-size: 18px;font-style: normal;font-weight: 400\">\ud83c\udfbe<\/span><span style=\"font-family: Roboto, sans-serif;font-size: 18px;font-style: normal;font-weight: 400\">\ud83c\udfbe<\/span><\/p><\/div><\/div>\t\t\t\t<\/div>\n\t\t\t\t<\/div>\n\t\t\t\t\t<\/div>\n\t\t<\/div>\n\t\t\t\t<div class=\"elementor-column elementor-col-50 elementor-inner-column elementor-element elementor-element-72b8847\" data-id=\"72b8847\" data-element_type=\"column\" data-e-type=\"column\">\n\t\t\t<div class=\"elementor-widget-wrap elementor-element-populated\">\n\t\t\t\t\t\t<div class=\"elementor-element elementor-element-7d4d362 elementor-position-top elementor-widget elementor-widget-image-box\" data-id=\"7d4d362\" data-element_type=\"widget\" data-e-type=\"widget\" data-widget_type=\"image-box.default\">\n\t\t\t\t<div class=\"elementor-widget-container\">\n\t\t\t\t\t<div class=\"elementor-image-box-wrapper\"><figure class=\"elementor-image-box-img\"><a href=\"https:\/\/www.tennisassa.fi\/league\/8053DD6B-AED7-4623-BC3C-C327B0C9A116\/draw\/14\" tabindex=\"-1\"><img decoding=\"async\" width=\"650\" height=\"720\" src=\"https:\/\/karjalantennis.fi\/wordpress\/wp-content\/uploads\/2025\/11\/2-divNaiset2025kesa.png\" class=\"attachment-full size-full wp-image-6752\" alt=\"\" srcset=\"https:\/\/karjalantennis.fi\/wordpress\/wp-content\/uploads\/2025\/11\/2-divNaiset2025kesa.png 650w, https:\/\/karjalantennis.fi\/wordpress\/wp-content\/uploads\/2025\/11\/2-divNaiset2025kesa-271x300.png 271w\" sizes=\"(max-width: 650px) 100vw, 650px\" \/><\/a><\/figure><div class=\"elementor-image-box-content\"><h3 class=\"elementor-image-box-title\"><a href=\"https:\/\/www.tennisassa.fi\/league\/8053DD6B-AED7-4623-BC3C-C327B0C9A116\/draw\/14\">Naisten 1 joukkue: 2-divisoona lohko B tilanne<\/a><\/h3><p class=\"elementor-image-box-description\">Meri Hyv\u00e4rinen, Sofia Kuusim\u00e4ki, <br>\nSofia Merkova ja Emma Simonen<br><br>Naisten ykk\u00f6sjoukkue pelaa <br>talvella 2025-26 ja kes\u00e4ll\u00e4 2026<br>2-divisioonassa.<br><span style=\"font-family: Roboto, sans-serif;font-size: 18px;font-style: normal;font-weight: 400\">\ud83c\udfbe<\/span><span style=\"font-family: Roboto, sans-serif;font-size: 18px;font-style: normal;font-weight: 400\">\ud83c\udfbe<\/span><span style=\"font-family: Roboto, sans-serif;font-size: 18px;font-style: normal;font-weight: 400\">\ud83c\udfbe<\/span><span style=\"font-family: Roboto, sans-serif;font-size: 18px;font-style: normal;font-weight: 400\">\ud83c\udfbe<\/span><\/p><\/div><\/div>\t\t\t\t<\/div>\n\t\t\t\t<\/div>\n\t\t\t\t\t<\/div>\n\t\t<\/div>\n\t\t\t\t\t<\/div>\n\t\t<\/section>\n\t\t\t\t\t<\/div>\n\t\t<\/div>\n\t\t\t\t\t<\/div>\n\t\t<\/section>\n\t\t\t\t<section class=\"elementor-section elementor-top-section elementor-element elementor-element-15a9854 elementor-section-boxed elementor-section-height-default elementor-section-height-default\" data-id=\"15a9854\" data-element_type=\"section\" data-e-type=\"section\">\n\t\t\t\t\t\t<div class=\"elementor-container elementor-column-gap-default\">\n\t\t\t\t\t<div class=\"elementor-column elementor-col-50 elementor-top-column elementor-element elementor-element-f9ccb80\" data-id=\"f9ccb80\" data-element_type=\"column\" data-e-type=\"column\">\n\t\t\t<div class=\"elementor-widget-wrap\">\n\t\t\t\t\t\t\t<\/div>\n\t\t<\/div>\n\t\t\t\t<div class=\"elementor-column elementor-col-50 elementor-top-column elementor-element elementor-element-e678e27\" data-id=\"e678e27\" data-element_type=\"column\" data-e-type=\"column\">\n\t\t\t<div class=\"elementor-widget-wrap\">\n\t\t\t\t\t\t\t<\/div>\n\t\t<\/div>\n\t\t\t\t\t<\/div>\n\t\t<\/section>\n\t\t\t\t<\/div>\n\t\t","protected":false},"excerpt":{"rendered":"<p>Miesten 1 &amp; 2 joukkue: 2-divisioona lohko A tilanne KarTe 1: Miko Piiroinen, Eelis Raasio, Visa Balk, Lassi Laine ja Lenni LaineKarTe 2: Leevi Laine, Niilo Purmonen, Eetu Simonen ja Paavo Korhonen Tasavahvat 1 &amp; 2 joukkue pelaavat talvella 2025-26 2-divisioonassa. KarTe 1 pelaa kes\u00e4ll\u00e4 2026 1-divisioonassa. \ud83c\udfbe\ud83c\udfbe\ud83c\udfbe\ud83c\udfbe Naisten 1 joukkue: 2-divisoona lohko B tilanne&#8230;<\/p>\n","protected":false},"author":101014,"featured_media":0,"parent":0,"menu_order":0,"comment_status":"closed","ping_status":"closed","template":"","meta":{"_kad_post_transparent":"","_kad_post_title":"","_kad_post_layout":"","_kad_post_sidebar_id":"","_kad_post_content_style":"","_kad_post_vertical_padding":"","_kad_post_feature":"","_kad_post_feature_position":"","_kad_post_header":false,"_kad_post_footer":false,"_kad_post_classname":"","footnotes":""},"class_list":["post-6748","page","type-page","status-publish","hentry"],"_links":{"self":[{"href":"https:\/\/karjalantennis.fi\/wordpress\/wp-json\/wp\/v2\/pages\/6748","targetHints":{"allow":["GET"]}}],"collection":[{"href":"https:\/\/karjalantennis.fi\/wordpress\/wp-json\/wp\/v2\/pages"}],"about":[{"href":"https:\/\/karjalantennis.fi\/wordpress\/wp-json\/wp\/v2\/types\/page"}],"author":[{"embeddable":true,"href":"https:\/\/karjalantennis.fi\/wordpress\/wp-json\/wp\/v2\/users\/101014"}],"replies":[{"embeddable":true,"href":"https:\/\/karjalantennis.fi\/wordpress\/wp-json\/wp\/v2\/comments?post=6748"}],"version-history":[{"count":116,"href":"https:\/\/karjalantennis.fi\/wordpress\/wp-json\/wp\/v2\/pages\/6748\/revisions"}],"predecessor-version":[{"id":8269,"href":"https:\/\/karjalantennis.fi\/wordpress\/wp-json\/wp\/v2\/pages\/6748\/revisions\/8269"}],"wp:attachment":[{"href":"https:\/\/karjalantennis.fi\/wordpress\/wp-json\/wp\/v2\/media?parent=6748"}],"curies":[{"name":"wp","href":"https:\/\/api.w.org\/{rel}","templated":true}]}}

<div data-elementor-type="wp-page" data-elementor-id="6748" class="elementor elementor-6748">
						<section class="elementor-section elementor-top-section elementor-element elementor-element-54e9585 elementor-section-boxed elementor-section-height-default elementor-section-height-default" data-id="54e9585" data-element_type="section" data-e-type="section">
						<div class="elementor-container elementor-column-gap-default">
					<div class="elementor-column elementor-col-100 elementor-top-column elementor-element elementor-element-41073c9" data-id="41073c9" data-element_type="column" data-e-type="column">
			<div class="elementor-widget-wrap elementor-element-populated">
						<section class="elementor-section elementor-inner-section elementor-element elementor-element-fabf0c7 elementor-section-boxed elementor-section-height-default elementor-section-height-default" data-id="fabf0c7" data-element_type="section" data-e-type="section">
						<div class="elementor-container elementor-column-gap-default">
					<div class="elementor-column elementor-col-50 elementor-inner-column elementor-element elementor-element-253fdeb" data-id="253fdeb" data-element_type="column" data-e-type="column">
			<div class="elementor-widget-wrap elementor-element-populated">
						<div class="elementor-element elementor-element-82eb7df elementor-position-top elementor-widget elementor-widget-image-box" data-id="82eb7df" data-element_type="widget" data-e-type="widget" data-widget_type="image-box.default">
				<div class="elementor-widget-container">
					<div class="elementor-image-box-wrapper"><figure class="elementor-image-box-img"><a href="https://www.tennisassa.fi/league/8053DD6B-AED7-4623-BC3C-C327B0C9A116/draw/16" tabindex="-1"><img fetchpriority="high" decoding="async" width="871" height="483" src="https://karjalantennis.fi/wordpress/wp-content/uploads/2025/11/02112024div2bilman-1.png" class="attachment-full size-full wp-image-6751" alt="" srcset="https://karjalantennis.fi/wordpress/wp-content/uploads/2025/11/02112024div2bilman-1.png 871w, https://karjalantennis.fi/wordpress/wp-content/uploads/2025/11/02112024div2bilman-1-300x166.png 300w, https://karjalantennis.fi/wordpress/wp-content/uploads/2025/11/02112024div2bilman-1-768x426.png 768w" sizes="(max-width: 871px) 100vw, 871px" /></a></figure><div class="elementor-image-box-content"><h3 class="elementor-image-box-title"><a href="https://www.tennisassa.fi/league/8053DD6B-AED7-4623-BC3C-C327B0C9A116/draw/16">Miesten 1 &amp; 2 joukkue: 2-divisioona lohko A tilanne</a></h3><p class="elementor-image-box-description">KarTe 1: Miko Piiroinen, Eelis Raasio, Visa Balk, Lassi Laine ja Lenni Laine<br>KarTe 2: Leevi Laine, Niilo Purmonen, Eetu Simonen ja Paavo Korhonen<br><br>Tasavahvat 1 &amp; 2 joukkue pelaavat talvella 2025-26 
2-divisioonassa.

KarTe 1 pelaa kesällä 2026 1-divisioonassa.<br><br><span style="font-family: Roboto, sans-serif;font-size: 18px;font-style: normal;font-weight: 400">🎾</span><span style="font-family: Roboto, sans-serif;font-size: 18px;font-style: normal;font-weight: 400">🎾</span><span style="font-family: Roboto, sans-serif;font-size: 18px;font-style: normal;font-weight: 400">🎾</span><span style="font-family: Roboto, sans-serif;font-size: 18px;font-style: normal;font-weight: 400">🎾</span></p></div></div>				</div>
				</div>
					</div>
		</div>
				<div class="elementor-column elementor-col-50 elementor-inner-column elementor-element elementor-element-72b8847" data-id="72b8847" data-element_type="column" data-e-type="column">
			<div class="elementor-widget-wrap elementor-element-populated">
						<div class="elementor-element elementor-element-7d4d362 elementor-position-top elementor-widget elementor-widget-image-box" data-id="7d4d362" data-element_type="widget" data-e-type="widget" data-widget_type="image-box.default">
				<div class="elementor-widget-container">
					<div class="elementor-image-box-wrapper"><figure class="elementor-image-box-img"><a href="https://www.tennisassa.fi/league/8053DD6B-AED7-4623-BC3C-C327B0C9A116/draw/14" tabindex="-1"><img decoding="async" width="650" height="720" src="https://karjalantennis.fi/wordpress/wp-content/uploads/2025/11/2-divNaiset2025kesa.png" class="attachment-full size-full wp-image-6752" alt="" srcset="https://karjalantennis.fi/wordpress/wp-content/uploads/2025/11/2-divNaiset2025kesa.png 650w, https://karjalantennis.fi/wordpress/wp-content/uploads/2025/11/2-divNaiset2025kesa-271x300.png 271w" sizes="(max-width: 650px) 100vw, 650px" /></a></figure><div class="elementor-image-box-content"><h3 class="elementor-image-box-title"><a href="https://www.tennisassa.fi/league/8053DD6B-AED7-4623-BC3C-C327B0C9A116/draw/14">Naisten 1 joukkue: 2-divisoona lohko B tilanne</a></h3><p class="elementor-image-box-description">Meri Hyvärinen, Sofia Kuusimäki, <br>
Sofia Merkova ja Emma Simonen<br><br>Naisten ykkösjoukkue pelaa <br>talvella 2025-26 ja kesällä 2026<br>2-divisioonassa.<br><span style="font-family: Roboto, sans-serif;font-size: 18px;font-style: normal;font-weight: 400">🎾</span><span style="font-family: Roboto, sans-serif;font-size: 18px;font-style: normal;font-weight: 400">🎾</span><span style="font-family: Roboto, sans-serif;font-size: 18px;font-style: normal;font-weight: 400">🎾</span><span style="font-family: Roboto, sans-serif;font-size: 18px;font-style: normal;font-weight: 400">🎾</span></p></div></div>				</div>
				</div>
					</div>
		</div>
					</div>
		</section>
					</div>
		</div>
					</div>
		</section>
				<section class="elementor-section elementor-top-section elementor-element elementor-element-15a9854 elementor-section-boxed elementor-section-height-default elementor-section-height-default" data-id="15a9854" data-element_type="section" data-e-type="section">
						<div class="elementor-container elementor-column-gap-default">
					<div class="elementor-column elementor-col-50 elementor-top-column elementor-element elementor-element-f9ccb80" data-id="f9ccb80" data-element_type="column" data-e-type="column">
			<div class="elementor-widget-wrap">
							</div>
		</div>
				<div class="elementor-column elementor-col-50 elementor-top-column elementor-element elementor-element-e678e27" data-id="e678e27" data-element_type="column" data-e-type="column">
			<div class="elementor-widget-wrap">
							</div>
		</div>
					</div>
		</section>
				</div>

<p>Miesten 1 &amp; 2 joukkue: 2-divisioona lohko A tilanne KarTe 1: Miko Piiroinen, Eelis Raasio, Visa Balk, Lassi Laine ja Lenni LaineKarTe 2: Leevi Laine, Niilo Purmonen, Eetu Simonen ja Paavo Korhonen Tasavahvat 1 &amp; 2 joukkue pelaavat talvella 2025-26 2-divisioonassa. KarTe 1 pelaa kesällä 2026 1-divisioonassa. 🎾🎾🎾🎾 Naisten 1 joukkue: 2-divisoona lohko B tilanne&#8230;</p>
