{"id":90,"date":"2015-01-31T13:08:14","date_gmt":"2015-01-31T13:08:14","guid":{"rendered":"http:\/\/karjalantennis.fi\/wordpress\/?page_id=90"},"modified":"2026-02-10T09:57:22","modified_gmt":"2026-02-10T07:57:22","slug":"liity-jaseneksi","status":"publish","type":"page","link":"https:\/\/karjalantennis.fi\/wordpress\/karte\/liity-jaseneksi\/","title":{"rendered":"Liity j\u00e4seneksi"},"content":{"rendered":"\t\t<div data-elementor-type=\"wp-page\" data-elementor-id=\"90\" class=\"elementor elementor-90\">\n\t\t\t\t<div class=\"elementor-element elementor-element-b21023d e-flex e-con-boxed e-con e-parent\" data-id=\"b21023d\" data-element_type=\"container\" data-e-type=\"container\">\n\t\t\t\t\t<div class=\"e-con-inner\">\n\t\t\t\t<div class=\"elementor-element elementor-element-14610bb elementor-widget elementor-widget-heading\" data-id=\"14610bb\" data-element_type=\"widget\" data-e-type=\"widget\" data-widget_type=\"heading.default\">\n\t\t\t\t<div class=\"elementor-widget-container\">\n\t\t\t\t\t<h2 class=\"elementor-heading-title elementor-size-default\">Liity j\u00e4seneksi<\/h2>\t\t\t\t<\/div>\n\t\t\t\t<\/div>\n\t\t\t\t\t<\/div>\n\t\t\t\t<\/div>\n\t\t<div class=\"elementor-element elementor-element-ae36669 e-flex e-con-boxed e-con e-parent\" data-id=\"ae36669\" data-element_type=\"container\" data-e-type=\"container\">\n\t\t\t\t\t<div class=\"e-con-inner\">\n\t\t\t\t<div class=\"elementor-element elementor-element-87a72a6 elementor-widget__width-initial elementor-widget elementor-widget-image\" data-id=\"87a72a6\" data-element_type=\"widget\" data-e-type=\"widget\" data-widget_type=\"image.default\">\n\t\t\t\t<div class=\"elementor-widget-container\">\n\t\t\t\t\t\t\t\t\t\t\t\t\t\t\t<img decoding=\"async\" src=\"https:\/\/karjalantennis.fi\/wordpress\/wp-content\/uploads\/elementor\/thumbs\/KARTE_logo_vari_rgb-e1422727843357-p9ivi1mw3jnuspmgjacywhh2batm8g2tgummat9qng.jpg\" title=\"KARTE_logo_vari_rgb\" alt=\"KARTE_logo_vari_rgb\" loading=\"lazy\" \/>\t\t\t\t\t\t\t\t\t\t\t\t\t\t\t<\/div>\n\t\t\t\t<\/div>\n\t\t\t\t<div class=\"elementor-element elementor-element-a934c2b elementor-widget elementor-widget-text-editor\" data-id=\"a934c2b\" data-element_type=\"widget\" data-e-type=\"widget\" data-widget_type=\"text-editor.default\">\n\t\t\t\t<div class=\"elementor-widget-container\">\n\t\t\t\t\t\t\t\t\t<div data-olk-copy-source=\"MessageBody\"><span style=\"color: #000000;\">KarTen: j\u00e4seneksi voit liitty\u00e4 rekister\u00f6itym\u00e4ll\u00e4 t\u00e4m\u00e4n linkin kautta:<\/span><br><span style=\"color: #000000;\"><u><a style=\"color: #000000;\" title=\"https:\/\/tennisclub.fi\/pelaaja\/site\/signup?cid=49\" href=\"https:\/\/tennisclub.fi\/pelaaja\/site\/signup?cid=49\" data-auth=\"NotApplicable\" data-linkindex=\"0\">https:\/\/tennisclub.fi\/pelaaja\/site\/signup?cid=49<\/a><\/u><\/span><\/div>\n<div>&nbsp;<\/div>\n<div><span style=\"color: #000000;\">T\u00e4m\u00e4n j\u00e4lkeen seura l\u00e4hett\u00e4\u00e4 j\u00e4senmaksun ilmoittamaasi s\u00e4hk\u00f6postiin.<\/span><\/div>\n<p><span style=\"color: #000000;\">Vanhoille j\u00e4senille l\u00e4hetet\u00e4\u00e4n j\u00e4senmaksukaavakkeet alkuvuodesta.<\/span><\/p>\n<p><span style=\"color: #000000;\">Karjalan Tennis ry:n j\u00e4senmaksut vuodelle 2026 ovat seuraavat:<\/span><br><span style=\"color: #000000;\">Juniori 30 \u20ac<\/span><br><span style=\"color: #000000;\">Opiskelija\/el\u00e4kel\u00e4inen 35 \u20ac<\/span><br><span style=\"color: #000000;\">Aikuinen 50 \u20ac<\/span><br><span style=\"color: #000000;\">Perhe 70 \u20ac<\/span><\/p>\n<p><span style=\"color: #000000;\">Seuran j\u00e4rjest\u00e4m\u00e4\u00e4n valmennustoimintaan osallistuminen edellytt\u00e4\u00e4 seuran j\u00e4senyytt\u00e4.<\/span><\/p>\n<p><span style=\"color: #000000;\">Muita j\u00e4senetuja ovat:<\/span><br><span style=\"color: #000000;\">Massakenttien tuntihinnoista saat 2\u20ac alennuksen ja<\/span><br><span style=\"color: #000000;\">seuran j\u00e4rjest\u00e4miss\u00e4 kotikisoissa 25% alennuksen kilpailumaksuista.<\/span><br><span style=\"color: #000000;\">Lis\u00e4ksi p\u00e4\u00e4set osallistumaan seuran j\u00e4rjest\u00e4miin monipuolisiin tapahtumiin vuoden mittaan.<\/span><\/p>\n<p><span style=\"color: #000000;\">Jos pelaaja haluaa pelata Suomen tennisliiton kilpailuja, niin h\u00e4nell\u00e4 on oltava seuran j\u00e4senmaksu suoritettuna, ett\u00e4 liiton maksut: <a style=\"color: #000000;\" href=\"https:\/\/www.tennisassa.fi\/memberships\">https:\/\/www.tennisassa.fi\/memberships<\/a><\/span><\/p>\n<p><span style=\"color: #000000;\">terv<\/span><br><span style=\"font-size: 18px; color: #000000;\">Johtokunta<\/span><\/p>\t\t\t\t\t\t\t\t<\/div>\n\t\t\t\t<\/div>\n\t\t\t\t\t<\/div>\n\t\t\t\t<\/div>\n\t\t\t\t<\/div>\n\t\t","protected":false},"excerpt":{"rendered":"<p>Liity j\u00e4seneksi KarTen: j\u00e4seneksi voit liitty\u00e4 rekister\u00f6itym\u00e4ll\u00e4 t\u00e4m\u00e4n linkin kautta:https:\/\/tennisclub.fi\/pelaaja\/site\/signup?cid=49 &nbsp; T\u00e4m\u00e4n j\u00e4lkeen seura l\u00e4hett\u00e4\u00e4 j\u00e4senmaksun ilmoittamaasi s\u00e4hk\u00f6postiin. Vanhoille j\u00e4senille l\u00e4hetet\u00e4\u00e4n j\u00e4senmaksukaavakkeet alkuvuodesta. Karjalan Tennis ry:n j\u00e4senmaksut vuodelle 2026 ovat seuraavat:Juniori 30 \u20acOpiskelija\/el\u00e4kel\u00e4inen 35 \u20acAikuinen 50 \u20acPerhe 70 \u20ac Seuran j\u00e4rjest\u00e4m\u00e4\u00e4n valmennustoimintaan osallistuminen edellytt\u00e4\u00e4 seuran j\u00e4senyytt\u00e4. Muita j\u00e4senetuja ovat:Massakenttien tuntihinnoista saat 2\u20ac alennuksen jaseuran j\u00e4rjest\u00e4miss\u00e4&#8230;<\/p>\n","protected":false},"author":2,"featured_media":0,"parent":45,"menu_order":0,"comment_status":"closed","ping_status":"closed","template":"","meta":{"_kad_post_transparent":"","_kad_post_title":"","_kad_post_layout":"","_kad_post_sidebar_id":"","_kad_post_content_style":"","_kad_post_vertical_padding":"","_kad_post_feature":"","_kad_post_feature_position":"","_kad_post_header":false,"_kad_post_footer":false,"_kad_post_classname":"","footnotes":""},"class_list":["post-90","page","type-page","status-publish","hentry"],"_links":{"self":[{"href":"https:\/\/karjalantennis.fi\/wordpress\/wp-json\/wp\/v2\/pages\/90","targetHints":{"allow":["GET"]}}],"collection":[{"href":"https:\/\/karjalantennis.fi\/wordpress\/wp-json\/wp\/v2\/pages"}],"about":[{"href":"https:\/\/karjalantennis.fi\/wordpress\/wp-json\/wp\/v2\/types\/page"}],"author":[{"embeddable":true,"href":"https:\/\/karjalantennis.fi\/wordpress\/wp-json\/wp\/v2\/users\/2"}],"replies":[{"embeddable":true,"href":"https:\/\/karjalantennis.fi\/wordpress\/wp-json\/wp\/v2\/comments?post=90"}],"version-history":[{"count":115,"href":"https:\/\/karjalantennis.fi\/wordpress\/wp-json\/wp\/v2\/pages\/90\/revisions"}],"predecessor-version":[{"id":9582,"href":"https:\/\/karjalantennis.fi\/wordpress\/wp-json\/wp\/v2\/pages\/90\/revisions\/9582"}],"up":[{"embeddable":true,"href":"https:\/\/karjalantennis.fi\/wordpress\/wp-json\/wp\/v2\/pages\/45"}],"wp:attachment":[{"href":"https:\/\/karjalantennis.fi\/wordpress\/wp-json\/wp\/v2\/media?parent=90"}],"curies":[{"name":"wp","href":"https:\/\/api.w.org\/{rel}","templated":true}]}}